be (1 + k/6)/((-26)/(-156)). Let f(g) = -7*g. Calculate f(h).
-7
Let b(l) = l + 66. Let h(v) = -24*v + 124. Let t(j) = -12*b(j) + 2*h(j). What is t(-9)?
-4
Let z(s) = -s - 7. Let y be (-2)/(((-2)/(-3))/((-70)/21)). Suppose -8*u + 5*u = -l + 19, -2*l = 2*u + y. Give z(u).
-1
Suppose -39*h = -17*h - 110. Let s(j) = -2*j - 136 + h*j - 113 + 213. Give s(11).
-3
Let t(s) = 4*s + 4 - 3 - 16*s. Let n = 507 - 489. Suppose 24 = -4*o + 4*b, -3*b + 5*b = 5*o + n. Calculate t(o).
25
Suppose -5*i = -3*r - 496, 0 = 6*i - 2*i - 4*r - 400. Let h = -98 + i. Let j(m) = 0*m + 5 + 4 + h*m - m. What is j(0)?
9
Suppose 0 = -0*b - 4*b + 2*u, -8 = -2*u. Let d(o) = -o + 7. Let k be d(5). Let a(m) = 3*m**b + 0*m**2 - m**k + 3 - 7*m. What is a(5)?
18
Let p be ((-16)/(-12))/((-12)/(-18)). Let f(y) = 3*y - 326 + 0*y + 324 - p*y. Determine f(8).
6
Let s(j) = -4*j**2 + 16*j + 4. Let m be s(4). Suppose l + m*k - 4 = 0, -5*l + 2*k = -k - 20. Let h(n) = -n**2 + 6*n - 7. What is h(l)?
1
Let s(i) = -3*i**3 + 4*i**2 + 7*i - 5. Suppose 11*d - 12 = 14*d. Let r(z) = -5*z**3 + 9*z**2 + 14*z - 9. Let v(o) = d*r(o) + 7*s(o). Calculate v(-7).
1
Let n(i) = 4*i**2 + 58*i + 35. Let v(a) = 11*a**2 + 162*a + 105. Let c(o) = -8*n(o) + 3*v(o). Determine c(-15).
-70
Suppose 2*y + 2 = i, 0*i - 3*y = -4*i + 8. Let j(s) = s + 1 - s**i + 4*s**3 + 3 - 4. Suppose -3*r = 2*v + 7, -v + 4 - 12 = 3*r. Determine j(v).
4
Let q(v) = -v**3 + 18*v**2 - v - 1. Let z(k) = 2*k**3 - 67*k**2 - 8*k + 19. Let t(u) = 3*q(u) + z(u). What is t(-12)?
4
Let j(g) = -g**2 + 8*g + 328. Let k(b) = b**2 - 7*b - 375. Let r(f) = 9*j(f) + 8*k(f). What is r(10)?
12
Let r(y) be the first derivative of 0*y**2 - 46 - 5*y + 1/3*y**3. What is r(-4)?
11
Let c(h) = -11*h**2 + 40*h - 81. Let n(v) = 5*v**2 - 19*v + 35. Let r(f) = 4*c(f) + 9*n(f). What is r(14)?
33
Let j(m) = 18*m**2 + 0*m**3 - m**3 + 2*m - 23*m**2 - 8 - 5*m + 3. Suppose 10*z = 8*z - 10. Calculate j(z).
10
Let r(x) be the third derivative of x**4/24 + 15*x**3/2 - 101*x**2 - x. Calculate r(-24).
21
Let v(m) be the first derivative of -10*m**3 + 1519. Calculate v(-1).
-30
Let l(q) be the third derivative of -q**4/24 + 11*q**3/3 + 7*q**2 + 61*q + 1. What is l(27)?
-5
Let v(a) = 237*a**3 - 121*a**3 + 1 - 115*a**3 - 4*a + 6 - 3. What is v(5)?
109
Let s = 136 + -147. Let v be s/(-5) - 2 - (-144)/(-20). Let t(l) = l**3 + 8*l**2 + 8*l + 2. Give t(v).
-5
Let l(v) = 44*v - 90. Let h = 5244 - 5242. Determine l(h).
-2
Let i(r) be the first derivative of -2*r**3/3 + 15*r**2/2 + 63*r - 1925. Determine i(11).
-14
Let t(i) = -i**2 - 7*i + 44. Let z be t(-11). Let q(p) = p**3 - 2*p + 5. Determine q(z).
5
Let m(k) = -2 + 2*k - 2*k + 5*k. Let x(s) = 16*s - 5. Let c(r) = 8*m(r) - 3*x(r). Suppose -5*f + 11*f + 12 = 0. Determine c(f).
15
Let o be (-17)/(-3) - 1/(-3). Let v(b) = -9*b + 300. Let a be v(33). Let t(s) = -s**a + 2*s**2 - 16 + 8*s - 14 + 3*s**2 - 5 + 40. What is t(o)?
17
Let h(s) = -s**3 - 6*s**2 - 4*s + 4. Let p be -3*(-11)/3 - 3. Suppose 4*w = p*w + 60. Let d(q) = -q**2 - 15*q - 4. Let b be d(w). Calculate h(b).
-12
Suppose 0 = 3*n + 48 - 69. Let g(h) = -1 - n*h**2 + 136*h + 136*h - h**3 - 280*h. Let l(q) = q - 3. Let d be l(-3). Calculate g(d).
11
Let y = -46 - -47. Let o(u) = -u**2 + y + 3 - 68*u - 67*u + 138*u. Suppose 2*q - 5*q = -15. Give o(q).
-6
Let z(h) = h**2 + h - 52. Suppose -4*u = 3*y - u + 27, 74 = -9*y - 2*u. Calculate z(y).
4
Let n(h) = h**2 + h - 1. Let z(j) = j**2 + 7*j - 82. Let s be z(-19). Let f = s + -144. What is n(f)?
5
Let h(p) = p**3 + 19*p**2 - 5*p - 99. Suppose -224*b - 1 = -n - 228*b, 0 = -5*n + 5*b - 120. Calculate h(n).
-4
Let h(p) = 6*p**2 + 36*p - 25. Let u(v) = -v**2 - 8*v + 6. Let k(n) = h(n) + 5*u(n). Let c(x) = x**3 - 2*x**2 - 2*x + 1. Let y be c(3). Determine k(y).
5
Let y(i) = -i - 8. Let a(r) = 4*r + 1. Let t be a(1). Suppose -4*q = -8, 3*q + 33 = 5*u + 9. Suppose u*n - t*n + 4 = 0. Calculate y(n).
-4
Let f(t) = -t**3 - 6*t**2 + 42*t + 20. Let b be 3 + 48/(-10) + (-138)/115 - 7. Give f(b).
0
Let h = 124 - 119. Let d(a) = -5*a + h + a**3 - 69*a**2 - 62*a**2 + 128*a**2. Give d(4).
1
Let j(u) be the second derivative of 25*u - 2*u**2 - 1/3*u**3 + 1/20*u**5 + 1 + 1/2*u**4. Give j(-6).
8
Let q(l) be the first derivative of -l**3/6 + 9*l**2/2 - 49*l + 34. Let u(m) be the first derivative of q(m). Calculate u(7).
2
Let r(p) = 3*p - 4. Suppose 3*v - 131 = -0*b - b, 4*v - 3*b = 192. Suppose -4*m = -v + 21. Let z be (-4)/m*4/((-16)/18). What is r(z)?
5
Let l be (300/225)/((-8)/90). Let h(j) = -j**3 - 14*j**2 + 11*j - 18. Calculate h(l).
42
Let s be (7 - (5 - -3))*0/1. Let q be 4 - -1 - s - 5. Let w(d) = 2*d + 10. Give w(q).
10
Let f(z) be the first derivative of -z**4/4 + 8*z**3/3 + 11*z**2/2 - 9*z - 985. Calculate f(9).
9
Let l(v) be the first derivative of v**5/60 + v**4/24 - 5*v**3/3 - 3*v**2 - 62. Let a(n) be the third derivative of l(n). Calculate a(1).
3
Let v(k) = -11*k**2 - 4*k - 1. Let w(z) = -8*z**2 - 4*z - 1. Let f(r) = 3*v(r) - 4*w(r). Let h = -544 + 549. Determine f(h).
-4
Let x(b) = -b - 2. Let g(f) = 2*f**3 + 61*f**2 + 27*f + 17. Let p be g(-30). Suppose 134 = 3*s + p. Calculate x(s).
-11
Let m(i) = 14 + 2*i - 9 + 2*i**3 - 2*i**2 - 4. Let y be (-28)/(-8) - 15/10. Calculate m(y).
13
Let f(y) = -8*y**2 + 86*y + 465. Let h be f(-4). Let t(u) = -u. Let g(a) = -2*a**2 - 16*a - 1. Let n(m) = g(m) - 6*t(m). What is n(h)?
-29
Let r(c) be the first derivative of -c**3/3 + 4*c**2 - 8*c - 250. Calculate r(8).
-8
Let u(t) = t**2 - 15*t - 9. Suppose -49*k + 786 - 51 = 0. What is u(k)?
-9
Suppose 238*x - 2065 = 231*x. Let n = 297 - x. Let u(w) = 3*w - 33. Let h(q) = 1. Let p(j) = -66*h(j) - 2*u(j). Calculate p(n).
-12
Let i(o) = 7*o + 25. Let g(d) = 21*d + 83. Let m(t) = -2*g(t) + 7*i(t). Give m(-3).
-12
Let d(n) = -n + 17. Let p(q) = q**3 + 87*q**2 + 253*q + 70. Let y be p(-84). Determine d(y).
31
Let a(t) = -t**2 + 8*t - 10. Let k(z) = z**3 + z**2 - 8*z + 7. Let n be k(1). Let h be 8/24*18 + n. Calculate a(h).
-3
Let r(a) = 17*a - 15. Let b be 3*3*2*-31*25/(-2325). Determine r(b).
87
Let t(x) = -58*x + 40. Let y(g) = -83*g + 59. Let w(z) = 10*t(z) - 7*y(z). What is w(-4)?
-17
Let w = -39 - -39. Suppose -5 = j, w = -u - 2*j + j - 4. Let n(i) = 7*i**2 + 5*i**2 + u + i**2 + 2*i - 2*i**2. Calculate n(-1).
10
Suppose 2*s - 10 = -4*o, -s + 13 = 5*o + 2*s. Let x(w) = -2 - 928*w - 6 + 919*w - w**o - 11. Determine x(-8).
-11
Let i(w) = -4*w - 3. Let v(d) = d. Let s(o) = -6*o - 7. Let u(y) = -s(y) + 2*v(y). Let c be -4*(-3 + 0 - -2). Let p(r) = c*u(r) + 9*i(r). Give p(1).
-3
Let i be 9 + (0 - -2) - (41 + -20) - -20. Let f(d) = 1. Let t(p) = 3*p - 39. Let j(r) = -5*f(r) - t(r). Calculate j(i).
4
Let l be 21/(-49) + (-86)/(-70) + (-132)/165. Let p(z) = z + 23. Calculate p(l).
23
Let z(b) = -b**2 + 6. Let p be z(2). Let u(o) = o - 4*o**3 + o**2 - 2*o**p + 5*o**3 + 6. Let t be (0 - 0/(-2)) + 0. Calculate u(t).
6
Let r(v) = 15 - 3*v + 2*v - 2*v + 4*v. Suppose 0 = 11*j - 466 + 631. What is r(j)?
0
Let v(l) = -l**3 + 4*l**2 + 8*l - 6. Let a(r) = -6*r - 97. Let h be 446/(-26) - -8*(-4)/(-208). Let o be a(h). Calculate v(o).
9
Let i(z) = z**3 + 11*z**2 + 13*z + 15. Suppose -293*p + 296*p - o = -26, o + 4 = 0. Calculate i(p).
-15
Let t(s) be the second derivative of -11*s**3/3 + 5*s**2/2 + 6*s + 102. Determine t(3).
-61
Let f(m) = 24*m**3 - 40*m**2 + 27*m - 12. Let n(s) = -14*s**3 + 21*s**2 - 15*s + 5. Let h(l) = -3*f(l) - 5*n(l). What is h(7)?
18
Let n = 4 + -127. Let t = -107 - n. Let d(h) = h**2 + 32*h - t*h - 2 - 18*h. Determine d(2).
-2
Suppose -12*o = 5*i - 15*o - 132, 0 = 3*o + 12. Let q(w) = -w**2 + 22*w + 35. Calculate q(i).
-13
Let a(c) = 38*c**2 - 3*c. Let g(b) = b**3 - 159*b**2 + 20*b + 3. Let r(y) = -4*a(y) - g(y). Let d(z) = z**2 + 3*z + 1. Let t be d(-4). What is r(t)?
7
Let y(s) = -s**2 + 2*s - 4. Let g(b) = -1486*b + 16354. Let m be g(11). Give y(m).
-52
Let q(c) = c**3 + 9*c**2 + 19*c + 34. Let w be q(-7). Let i(v) = -135*v**2 - v - 2. What is i(w)?
-136
Let v(a) = 5*a - 5. Let h be v(4). Let l = h + -8. Let j(s) = 203*s + 11. Let t(y) = 254*y + 12. Let x(b) = 5*j(b) - 4*t(b). What is x(l)?
0
Let t(x) = -3*x**3 + x**2 - 3*x - 2. Suppose -83*j - 66*j = -447. What is t(j)?
-83
Let u(m) be the second derivative of m**3/6 + 3*m**2/2 + 22*m. Let l(p) =